= 6*v - v**3 - 25*v**2 - p*v**2 + 44*v**2 + 6. What is w(-5)?
-24
Let g(n) = -2 + 6 - 16*n - 11*n + n**3 + 23*n + 3*n**2. Give g(-4).
4
Let q(n) = -4*n - 5. Let b(z) = -3*z - 5. Let o(l) = 5*b(l) - 4*q(l). Let t = -11 + 16. Suppose 7 = t*y - 8. What is o(y)?
-2
Let c(f) be the first derivative of -7*f - 1/3*f**3 + 5 + 7/2*f**2. Determine c(5).
3
Let c(f) = f**2 + f + 4. Let w be c(0). Let m(z) = 1 + z**2 - 24*z**3 - 3*z + w*z + 14*z**3. Determine m(-1).
11
Let u be (-1)/(-1) - (-114)/(-6). Let d be u + (-1)/((-1)/(-3)). Let q = 24 + d. Let s(l) = 3*l - 3. Give s(q).
6
Let n(v) = v**2 - 6*v - 10. Suppose -30*t = -31*t + 7. Let c be n(t). Let h(b) = b - 3. Determine h(c).
-6
Suppose 3*c + 6 = 93. Let w = c - 29. Let s(z) = -z**2 - z + 3. What is s(w)?
3
Suppose -2*d - 3*d - 4*s = -18, 6 = -2*s. Let h be (3 + 6)/(9/d). Suppose 2*a = -2 - h. Let j(c) = -c**2 - 5*c + 3. Calculate j(a).
7
Let z(x) = -2*x**2 + 33*x - 155. Let g be z(8). Let p(h) = -h**2 - 18*h + 14. Determine p(g).
-5
Let a(d) = 82 - 30 - 7*d - 31 + 0*d + 6*d. Determine a(14).
7
Suppose 0 = -4*x + 2*h - 2, -2*x - 5*h + 2*h = -11. Suppose a - 3 = -x. Let d(m) = -1. Let p(r) = -10*r + 4. Let t(z) = 3*d(z) + p(z). Calculate t(a).
-19
Let d(g) = 4*g**3 - 20*g**2 - 3*g + 10. Let b be d(5). Let k(h) = h + 7. Give k(b).
2
Let w(x) be the first derivative of -x**4/4 + 2*x**3 + x**2 - 3*x - 7. Let q = 22 + -58. Let u = 42 + q. What is w(u)?
9
Suppose 3*h = 8*h - 5*p - 30, 5*h = 3*p + 22. Let u(i) be the third derivative of -i**5/60 - i**4/12 + i**3/3 + 3*i**2. Calculate u(h).
-6
Let k = -50 - -30. Let t be 54/(-8) + 5/k. Let n(x) = -11 - 9 + 21 - x - 9. Calculate n(t).
-1
Let a(t) = -8*t + 7. Let y = -709 - -716. Give a(y).
-49
Let q be 46/6 + 2/6. Let p be (33/(-12))/((-2)/q). Let n = -7 + p. Let x(i) = i**3 - 3*i**2 - 4*i + 5. Give x(n).
5
Let p(x) = 5*x + 5. Let o(y) = 7*y + 6. Let a(w) = -2*o(w) + 3*p(w). Suppose -h - 16 = 3*h. Let f = -9 - h. Calculate a(f).
-2
Let u = -3 - -5. Suppose u = 4*s - 6. Let t(j) = 0*j**2 + 0*j + 4*j - j**s + j. What is t(4)?
4
Let k(y) = y**3 + 2*y**2 - 4*y + 1. Let f = -3 + 13. Let x be (-1 - -7) + f/(-5). Suppose 13 = -x*u + 1. What is k(u)?
4
Let l(m) = 10 + 8*m + 9 - 6*m. Suppose 0 = 4*a + q + 54, -q - 46 = 5*a + 21. Give l(a).
-7
Let l = -512 + 497. Let v(q) = -q**2 - 15*q - 12. Determine v(l).
-12
Let p(k) be the first derivative of 0*k**2 - 1/3*k**3 - 5*k + 1/4*k**4 - 10. Let z(a) = a**2 - 5*a - 14. Let y be z(7). Determine p(y).
-5
Let x(d) = -3*d + 1. Let u(m) = -m**2 - 14*m + 11. Let g(p) = -u(p) + 5*x(p). Give g(6).
24
Let z(j) = 21*j + 137. Let v be z(-6). Let s(y) = -2*y + 26. Give s(v).
4
Let n(j) = 116*j + 4 + 2 + 5 - 110*j. Determine n(-6).
-25
Suppose -8*w + 7*w = 3. Let t be 3 + -2 - -3*(-4)/w. Let q(j) = j**3 - 5*j**2 + j + 7. Determine q(t).
12
Let q(x) = -x**2 + 6*x - 3. Let b(y) = -y + 8. Suppose r - 3*m = -0*m + 21, m + 23 = 3*r. Let t be b(r). Suppose t*v = 3 + 9. Give q(v).
-3
Suppose v + 3*f = 17 - 1, 4*f = 12. Let x(d) = d + v*d - 3*d. Let t = -1 + 0. Give x(t).
-5
Let n = 46 + -41. Let k(d) = -16*d**2 - 12*d + 6*d + n*d + 6*d**2. What is k(1)?
-11
Let l(h) = -8*h - 1. Suppose j + 38 = -j. Let v = 18 + j. Give l(v).
7
Let a be 12/8 + 6/(-4). Suppose k = 3*i - 1, -2*k - 2 = 3*i - a. Let s(n) be the second derivative of -3*n**5/10 - n**4/6 - n**3/6 + 11*n. What is s(k)?
5
Let f(c) = -5*c**3 - c**2 - c + 1. Suppose 0 = 3*z + 2*v + 77, 3*z - 6*v + 75 = -9*v. Let i be (1/2)/(1/(-52)). Let b = i - z. Give f(b).
-6
Let p be (1 - 8/(-24))/(2/(-12)). Let z(k) = k**3 + 9*k**2 + 4*k - 8. Calculate z(p).
24
Let b(y) be the second derivative of -y**6/60 + y**5/60 - y**3/3 + y**2/2 - 8*y. Let v(n) be the first derivative of b(n). What is v(2)?
-14
Let f = 1 + 3. Suppose 0 = f*v, -3*t - 4*v = -1 + 4. Let q(g) = 19*g - 1. What is q(t)?
-20
Let s(x) be the first derivative of -x**4/4 - 2*x**3 - x**2/2 - 3*x - 5. Let y(v) = v**3 - 6*v**2 + 2. Let z be y(5). Let r = 17 + z. Determine s(r).
3
Suppose 3*c - 8*c = 10. Let q(n) = 3*n + 12*n - 11*n - 1. What is q(c)?
-9
Let q = -431 + 863/2. Let v(o) be the first derivative of -4/3*o**3 - q*o**2 + o - 3. Give v(-2).
-13
Let k(b) = b**3 + 2*b**2 - 14*b - 7. Let s(h) = -5*h**3 - 12*h**2 + 70*h + 36. Let a(m) = 14*k(m) + 3*s(m). Give a(-9).
-35
Suppose 4*i - 1582 = -2*d, i - 361 = -2*d + 33. Let u(t) = -t + i + 0*t**3 + 2*t**3 - 397. Let b be ((-2)/(-6))/((-2)/6). Calculate u(b).
-2
Suppose 4 = -m + 5*d, -3*m - d = -0*m + 12. Let v(x) = x - 1. Let n(g) = -5*g + 2. Let h(f) = m*v(f) - n(f). Suppose 2*p = -2, 0*i - i = 3*p - 2. What is h(i)?
7
Let q(n) = -n**3 - 7*n**2 + 2. Let p be (160/30 - (2 + 3))*-21. Determine q(p).
2
Let i(y) = -y - 14. Let m(a) = a**2 - 5*a + 8. Let t be m(3). Suppose -t*b + 24 = 40. Calculate i(b).
-6
Let a = 32 - 32. Suppose -u - u - 4 = a. Let f(t) = 2*t**2 - 1. Give f(u).
7
Let z(x) be the second derivative of -x**3/6 - 3*x**2 - 3*x. What is z(-11)?
5
Suppose 17*z = 267 + 5. Let r(h) = -h**2 + 15*h + 20. What is r(z)?
4
Suppose 2*l + 4 = 12. Suppose l*a - 4*x - 16 = 6*a, -2*a - 5*x = 21. Let f(i) = -i + 3. Give f(a).
1
Suppose 5*v + 95 = -235. Let s be (-3)/4 - v/24. Suppose s*p + 0*p - t - 20 = 0, -4*t - 32 = -2*p. Let d(r) = -r**2 + 9*r - 10. Give d(p).
-2
Let l(c) = -7*c**3 - 4*c**2 - 3*c + 5. Let t(i) = 11*i**3 + 6*i**2 + 4*i - 7. Let o(p) = 7*l(p) + 5*t(p). Let s = -2 - -3. Calculate o(s).
7
Let f(n) = n**3 + 4*n**2 - 11*n + 16. Let w(p) = -29*p - 499. Let o be w(-17). Determine f(o).
10
Let f(j) = -2 - 75*j**2 - 3*j + 160*j**2 - 84*j**2 + j. Give f(2).
-2
Suppose -2*u = -38 - 26. Let q be 6*(-20)/u - 6/(-8). Let l(f) = -f**3 - 4*f**2 - 2*f + 4. Calculate l(q).
1
Suppose 3*y - c = -17 + 2, y - c = -7. Let v(r) = -r**3 - 5*r**2 - 5*r - 1. Let j be v(y). Let l(u) = 2*u**2 - 2*u - 3. Calculate l(j).
9
Let m(x) = x**3 + 7*x**2 + 4*x + 2. Let y(s) = s - 11. Let b be y(8). Let n be 20/b + 1*10/15. What is m(n)?
14
Suppose 5*d = 3*a + 27 + 1, 0 = 4*d - 4*a - 24. Let t(m) be the first derivative of -m**4/4 + 2*m**3 - 3*m**2/2 + m + 1095. Give t(d).
11
Let t(v) = 7*v - 12*v + 0*v - 6 + 6*v + 2 + 2*v**2. Give t(2).
6
Let s = 40825 - 40823. Let f(o) be the first derivative of o**4/4 - o**3 + o**2 - 3*o + 1. Determine f(s).
-3
Let o(t) = 3*t**2 - 8*t - 18. Let l(z) = 5*z**2 - 17*z - 35. Let h(c) = -4*l(c) + 7*o(c). Determine h(-11).
3
Suppose -r - 2 = -4. Suppose -2*w = r*n - n - 1, w + 5*n + 22 = 0. Let j(a) = 2*a**2 + a**w + 2*a**2 + 6 - 8*a - 2*a**2 - 7*a**2. Calculate j(6).
-6
Let z = -46 + 50. Let f(n) = -2*n - 1 + n + z*n + n. Let v be 27/12 + 1/(-4). Give f(v).
7
Let o(h) = 2*h**2 + 13*h + 9. Let u be o(-6). Let r(b) = -b**2 - 3*b + u*b - 3 - 3*b + 6*b. Give r(3).
-3
Let l(i) = i**2 + 2*i - 8. Let u be l(-4). Let b(d) be the third derivative of 4*d**2 + d**3 - 7/24*d**4 + u + 1/60*d**5 + 0*d. What is b(7)?
6
Let r(m) = m**2 - 12*m + 15. Let i be r(11). Let x = -21 + 22. Let c(v) = 2*v**3 + 0*v**3 + 1 - v + x + i*v + 4*v**2. Determine c(-2).
-4
Let v(m) = -m - 2*m + 6*m + 2*m**3 - 4 - m**2 - 4*m**2. Let n = 234 - 231. Give v(n).
14
Let w(a) = 12*a + 34 + a**3 + 4*a**2 - 8*a + 4*a**2 - 38. What is w(-5)?
51
Let q(d) = 20*d + 13*d**2 - 6*d + 53*d**3 - 52*d**3 + 19. Calculate q(-12).
-5
Let l(p) = 3*p**2 - 6. Let z(b) be the third derivative of -7*b**5/60 - b**4/24 + 11*b**3/6 - 11*b**2. Let k(o) = 5*l(o) + 2*z(o). What is k(6)?
16
Suppose -k = 2*k + v - 17, -4*k - v + 22 = 0. Suppose c = k - 0. Let z(f) = f**3 - 6*f**2 + 2*f - 4. Let o(j) = -j. Let m(r) = 6*o(r) - z(r). Give m(c).
-11
Let w(l) = -15*l**3 + l**2 + 4*l + 25. Let u(y) = 7*y**3 - 2*y - 12. Let c(z) = -13*u(z) - 6*w(z). Let d = -20 - -14. Determine c(d).
-6
Let a = -246 - -250. Let s(p) be the third derivative of 0*p - 12*p**2 - 5/6*p**3 + 0 + 1/3*p**a - 1/60*p**5. Determine s(6).
7
Let x = 38 + -33. Let u(i) = 9*i + i**2 - 6*i + x*i + 3*i + 14. Determine u(-10).
4
Let w(y) = -y**2 - 8*y - 10. Let j(t) = 73*t - 1. Let b be j(1). Suppose 4*s = 7*s - b. Let f = 17 - s. Calculate w(f).
-3
Let u(v) = -3*v - 5. Let s(g) = -5*g - 8. Let c(o) = 4*s(o) - 7*u(o). What is c(-6)?
-3
Let a(l) = l**2 + 6*l + 3. Suppose -i - 4*i + 2*w = -86, 4*w - 98 = -5*i. Suppose -46*u = -43*u + i. Determine a(u).
3
Let h(f) = f**2 + 7*f + 4. Sup